ime factors of (-24)/96 - 914/c?
2, 3, 19
Suppose 0 = -15*u + 135 - 450. Let h(k) = -k**3 - 23*k**2 + 3*k - 6. Let x be h(u). What are the prime factors of 3/21 - x/7?
2, 17
Let u = 404 - 560. What are the prime factors of (2912/u)/(2/(-96))?
2, 7
Suppose 327 = 63*u + 12. Suppose 82 = -k + 4*d + 1054, 2*d + 4806 = u*k. What are the prime factors of k?
2, 3, 5
Let c(j) = -145*j + 31. Let a be c(-2). Let h = a + -138. List the prime factors of h.
3, 61
What are the prime factors of (16/(-30)*417)/(9/45)*-14?
2, 7, 139
Let i(o) = 8304*o + 1467. List the prime factors of i(2).
3, 5, 241
Suppose 544*r - 572*r + 683452 = 0. What are the prime factors of r?
7, 11, 317
Let j = 29746 - -368. List the prime factors of j.
2, 3, 7, 239
Suppose -4*h + 0*u + 680 = -4*u, 0 = h - 5*u - 170. Let j = h - -74. List the prime factors of j.
2, 61
Let r = -703 - -710. Let b(w) = 19*w**2 - 14*w + 34. List the prime factors of b(r).
3, 17
Suppose -23*s - 50030 = -28*s. List the prime factors of s.
2, 5003
Let w = -7 - -1. Let v(z) = -20 - 79*z**2 + 82*z**2 - 7*z - 3*z. What are the prime factors of v(w)?
2, 37
Let p(m) = m**3 + 6*m**2 + 2*m - 8. Suppose -r - 10 = r. Let y be p(r). Suppose 4*t = y*t - 273. List the prime factors of t.
7, 13
Let u(r) = -4*r**3 + 3*r**2 + r + 2164. List the prime factors of u(0).
2, 541
Let p(b) = b**3 - 15*b**2 - 20*b + 14. Let a be p(14). Let y = a - -872. List the prime factors of y.
2, 5, 41
Let v(p) = -5435*p - 95. List the prime factors of v(-4).
3, 5, 13, 37
Let i = 16 - 4. Let w(f) = f**2 + 27*f + 81. Let u be w(-24). Let x = i - u. What are the prime factors of x?
3
Let s be ((-6)/(30/25))/(-1). Suppose -g - 2*r = -5*g + 10, 3*g - 2*r = s. Suppose 0 = -4*c + 20, 5*w - w - g*c - 271 = 0. List the prime factors of w.
2, 37
Let l be 585/(-260) - (-5)/4. Let t(x) = -707*x + 47. List the prime factors of t(l).
2, 13, 29
Let y = -164 + 178. What are the prime factors of 6752/y + 78/(-273)?
2, 241
Let r(z) = -15380*z - 127. List the prime factors of r(-2).
3, 10211
Let f = 211 + -234. Let m be (-4)/6*72/1. Let q = f - m. List the prime factors of q.
5
Suppose -12*u + 7*u = -100. Suppose 3*r = u + 805. List the prime factors of r.
5, 11
Let r(y) = -171*y - 60. Suppose 0 = -0*c - 3*c - v - 13, 4*v + 7 = -3*c. What are the prime factors of r(c)?
3, 5, 53
Let k(b) = b**2 - 4*b - 8. Let y be k(-2). Suppose y*n - 1321 + 201 = 0. What are the prime factors of n?
2, 5, 7
Let r = -13336 + 32146. Suppose -3*a = 7*a - r. Suppose a = 7*k + 4*k. What are the prime factors of k?
3, 19
Let p(g) = -g**3 - 6*g**2 + 10*g + 13. Let y be p(-7). Let w be 8303/76 + (-6)/y. Suppose 7*n = 6*n + w. List the prime factors of n.
2, 5, 11
List the prime factors of 23016 - (-14 + (-7 - -2)).
5, 17, 271
Suppose -16*g + 17*g - 5 = 0. Suppose 32 = 5*m - 2*c + 8, -3*c + 14 = g*m. Suppose 2*k + 4*w = 159 + 167, m*k + 5*w = 637. List the prime factors of k.
3, 17
Let b(o) = o**3 + 5*o**2 + 5*o + 2. Let p be b(-3). Let f = 1604 - 1604. Suppose f*k + p*k = -3*n + 670, -2*k + 268 = 3*n. What are the prime factors of k?
2, 67
Let a = -24 - -30. Let c = a + -1. Let r = c - -54. What are the prime factors of r?
59
Let f(j) = -616*j + 1840. List the prime factors of f(-12).
2, 577
Suppose 2*c - 818 + 168 = 4*o, -5*c = 4*o - 1597. Let n = c + 1483. List the prime factors of n.
2, 11, 41
Let k be (5/15 + (-122)/(-6))*3. Suppose 4*f - 34 - k = 0. List the prime factors of f - 2/(-4)*0.
2, 3
What are the prime factors of (186/15 - 10)*220?
2, 3, 11
Let n be 8/14*28/32*4. Suppose -n*x = m, 3*m + 4*x - 18 + 8 = 0. Suppose 0 = 3*v + 3*p - 93, -5*p + 7*p = -m. List the prime factors of v.
2, 3
What are the prime factors of 2 + (1844/8 - -8)*44?
2, 41
Let j = -17 + 23. Let c be j/(-9) - 2304/27. Let g = c + 136. List the prime factors of g.
2, 5
Suppose 2*i = -3*t - 1, 4*i + 0*i - t - 19 = 0. Let l(d) = 148*d + 6. Let x be l(3). Suppose -i*c + c = -x. What are the prime factors of c?
2, 3, 5
Suppose -376*x + 126*x = -821500. What are the prime factors of x?
2, 31, 53
Let a(j) = 3*j**3 + 31*j**2 + 43*j - 57. Let f(t) = -2*t**3 - 15*t**2 - 22*t + 28. Let l(p) = -3*a(p) - 5*f(p). List the prime factors of l(20).
11, 41
Let c(s) = 1915*s - 101. List the prime factors of c(4).
7559
Let a(x) = -10*x**3 + 25*x**2 + 100*x - 5. What are the prime factors of a(-15)?
2, 5, 7, 541
Let y(f) = -2*f**3 + f**2 + 6*f. Suppose 0 = -9*u - 13 - 32. Let k be y(u). Suppose -2*d + 2*g = -10 - 152, 3*d - 5*g - k = 0. What are the prime factors of d?
2, 5
Let g(s) = 582*s**2 + 6*s + 228. List the prime factors of g(9).
2, 3, 13, 19
Let j(r) = -r**3 - 121*r**2 - 336*r - 2260. List the prime factors of j(-121).
2, 29, 331
Let o(k) = -k - 1. Let f(w) = 55*w + 10. Let n(h) = -f(h) - 2*o(h). What are the prime factors of n(-7)?
3, 11
Let f = 2435 - -9640. What are the prime factors of f?
3, 5, 7, 23
Let l be 2*45/(-6)*(-280)/50. List the prime factors of 20/210 + 112720/l.
2, 11, 61
Let f be (1 + -6)*(45 - -2). Let j = f + 126. Let m = j + 164. List the prime factors of m.
5, 11
Let c(y) = 53*y - 142. Let o(k) = -158*k + 423. Let p(r) = 8*c(r) + 3*o(r). What are the prime factors of p(-8)?
13, 41
Let k = -5430 + 8347. What are the prime factors of k?
2917
Let w(p) be the third derivative of -30*p**2 - 1/30*p**5 - 4/3*p**3 + 0*p - 1/120*p**6 + 1/6*p**4 + 0. List the prime factors of w(-5).
47
Let d(w) = 2510*w - 13295. What are the prime factors of d(19)?
3, 5, 2293
Let t(d) = -11*d**3 + 6*d**2 - 8*d - 3. Let k = 59 - 64. Let x be t(k). What are the prime factors of x/18 - 2/(-9)?
3, 29
Let g(r) = -r**3 - 9*r + 1000. Let t be g(0). Suppose 0 = 8*k + t - 12120. List the prime factors of k.
2, 5, 139
Let l be -1 + -1 - (47 - 53). Suppose l*y - 125 = -p, -3*p - 8*y + 343 = -4*y. What are the prime factors of p?
109
Suppose 4*v - 2*x = 78846, 4*x + 646 = -v + 20380. What are the prime factors of v?
2, 9857
Suppose 3*j - p + 0*p = 4223, j - 3*p - 1413 = 0. List the prime factors of j.
3, 7, 67
Suppose 2012*i - 1867*i = 8570225. List the prime factors of i.
5, 11821
Suppose 18*y - 4*z = 16*y + 132852, y - 66405 = -5*z. What are the prime factors of y?
2, 3, 5, 41
Suppose -71*n + 162397 = -39888 - 84626. List the prime factors of n.
3, 449
Let m be (6/(-3))/(10/1195). Let r = -118 - m. What are the prime factors of r?
11
Let m = 440 + 484. Suppose -f + m = 2*f. What are the prime factors of f?
2, 7, 11
Suppose 4*o + 6 = 4*s - s, -5*o = -5*s + 5. Let p be ((-41)/s - 4)*12. Let f = -41 + p. List the prime factors of f.
157
Let r(d) be the third derivative of -d**6/60 - 7*d**5/30 - 13*d**4/24 - d**3 - 46*d**2. What are the prime factors of r(-9)?
3, 5, 29
Let v(i) = 3*i + 53. Let y be v(-19). Let o be ((-2)/y)/((-2)/(-48)). What are the prime factors of -6 + 78/o - (-698)/4?
5, 7
Suppose y = 3533 + 2152. List the prime factors of y.
3, 5, 379
Let x = -2888 - -5284. List the prime factors of x.
2, 599
Suppose 3525 + 777 = 3*a. Suppose -244 = 5*w - a. List the prime factors of w.
2, 7, 17
Suppose 12*z - 201037 = 131459. List the prime factors of z.
2, 3, 2309
Let w(v) = 5*v + 77. Let y be w(-15). Suppose 214 = 2*t + 2*f, -8*t - y*f = -3*t - 535. List the prime factors of t.
107
Suppose -3*f + 17*f - 28 = 0. Suppose -5*z = -7*z + 440. Suppose h = f*r + 4*h - 105, -h = -5*r + z. What are the prime factors of r?
3, 5
Let m = -196 + 200. Suppose a + 4 = 0, -m*x + a + 234 = -194. List the prime factors of x.
2, 53
Let c be 20/(-6)*(3 - 27/15). Let v be c/(-18) - (-3653)/(-117). Let q = v + 44. List the prime factors of q.
13
Let b(x) = -256 + 132 - 172*x + 128. What are the prime factors of b(-7)?
2, 151
Suppose 4*t = -2*g + 3*g + 34, 5*t + 34 = -3*g. Let q = g + 130. What are the prime factors of q?
2, 7
Let t(h) = -2*h**3 + h**2 + 8*h + 3. Let o be t(-3). Suppose 0 = -2*d - 2*l + 432, 4*l + o + 159 = d. What are the prime factors of d?
3, 71
Let d(z) = 4*z**2 - 4*z + 2. Let w be d(1). Suppose t - 442 = -4*t - 2*j, 2 = w*j. Suppose -q = 2*f - t, -296 - 144 = -5*q - 3*f. List the prime factors of q.
2, 11
Let m(y) be the second derivative of y**3/6 + 7*y**2 - 15*y. Let q be m(-9). Suppose -q*u - 3*z = -19, -2*u + 3*u = 5*z + 15. What are the prime factors of u?
5
Suppose -48 - 90 = 23*g. What are the prime factors of (0 - 282/